(f/6)/((-3)/(-248)).
2, 31
Let h(d) = -11*d - 32. Let n be h(-30). Suppose -7*w + n = -955. What are the prime factors of w?
179
Let m = -4 - -7. Suppose -m*w + 0*w + 102 = 0. Suppose 5*q - w = -y, y = 4*y + 4*q - 47. What are the prime factors of y?
3
Let y be -8*(35/10)/7 + 4. Suppose y = 5*a - 990 + 40. List the prime factors of a.
2, 5, 19
Let v(i) = -1640*i - 3212. What are the prime factors of v(-13)?
2, 3, 503
Let i be (5 - (6 - -1033)) + 4. Let g = -347 - i. What are the prime factors of g?
683
Suppose -35 + 30 = -5*o. Let c(p) = -55*p**2 + p - 1. Let s be c(o). Let y = 6 - s. List the prime factors of y.
61
What are the prime factors of 86597/(-1246)*218/(-3 + 2)?
109, 139
Let d(s) = -2*s + 13. Let u be d(5). Suppose 6*o = g + 6929, -5*o + u*o - 2*g + 2312 = 0. What are the prime factors of o?
3, 5, 7, 11
Suppose 2*r - 124 = -4*p, 2*r - p + 3*p = 118. Suppose -h + r = 5*k, 3*k - h - h = 31. Suppose -k*x = -5*x - 30. What are the prime factors of x?
5
Suppose -250*v + 8006063 + 4853187 = 0. List the prime factors of v.
51437
Suppose -9*w = -176210 - 207775. What are the prime factors of w?
5, 7, 23, 53
Let r = -4896 + 5207. What are the prime factors of r?
311
Let q(j) = -3*j + 34. Suppose -3*l = 4*l - 56. Suppose 5*w - 3*p = l*w - 30, w + 3*p - 20 = 0. List the prime factors of q(w).
19
Suppose 1004*h = 1006*h - 4*o - 35738, 4*o = 5*h - 89357. What are the prime factors of h?
61, 293
Suppose -5*l = 4*v + 10183 - 69927, -3*l + 4*v = -35808. What are the prime factors of l?
2, 1493
Suppose -5*i = -10*k + 11*k - 3942, 2354 = 3*i - 5*k. Suppose -i - 3898 = -11*m. List the prime factors of m.
2, 3, 71
Suppose 2*j = -y - 0*y + 11, 0 = j - 2*y - 13. Suppose 3*z + 1 = j. What are the prime factors of z/(-13) + 4062/39?
2, 13
Suppose 190*a = 261*a - 853349. List the prime factors of a.
7, 17, 101
What are the prime factors of ((-40122)/24)/(-9) - (-13)/52?
2, 3, 31
Let b = -64 - -69. Suppose -287 = -3*d - 2*c, -b*d = -0*d - 2*c - 489. What are the prime factors of d?
97
Let n(x) = -51*x - 15. Let u be n(-11). Suppose 4*v - 2670 + u = 0. What are the prime factors of v?
3, 59
Let o(t) = t**3 - 13*t**2 - 30*t. Let i be o(15). Suppose i*l - 3654 = -7*l. What are the prime factors of l?
2, 3, 29
Let w = 4719 + -2250. Suppose -2*a + 2 = 0, 2*o + 2*a - w = -45. List the prime factors of o.
7, 173
Let p be 5*2/8*-2*-3578. Suppose -19*l + p = -14*l. Suppose -4781 = -16*k - l. What are the prime factors of k?
11, 17
Let k(o) = -o - 1. Let j(p) = -3*p**2 - 45*p + 1. Let n be j(-15). Let q(u) = 22*u - 4. Let g(t) = n*q(t) - 10*k(t). List the prime factors of g(3).
2, 3, 17
Suppose 0 = 237*j - 1294862 - 1042432. List the prime factors of j.
2, 4931
Suppose 16 = 4*p, 6*j - 4*p - 12 = 4*j. Suppose -j*i = -20*i + 654. What are the prime factors of i?
109
Let d(u) = -u**2 - 10*u - 4. Let s(h) = h**2 + 11*h + 4. Let p(r) = 6*d(r) + 5*s(r). Let m be p(-3). List the prime factors of m/(-5) + (-2085)/(-25).
83
Let o be 1180/(-14) + (-4)/(-14). Let m be (-3)/(-6*(5895/1180 - 5)). Let j = o - m. List the prime factors of j.
2, 17
Let h = 6466 + -5902. List the prime factors of h.
2, 3, 47
Let o be (20/6)/(8/36). Suppose 4*m + o = -25. List the prime factors of ((-24)/m)/((-6)/(-120)).
2, 3
Let n(j) = 3*j**3 - 112*j**2 - 102*j + 32. List the prime factors of n(41).
14341
Suppose -3*s - 40 = 5*s. Let a be s/(25/40) + 5. What are the prime factors of (0 - 1)*-2*(24 - a)?
2, 3
Suppose 2*b - 4*n - 33778 = -b, -3*b + 33788 = n. What are the prime factors of b?
2, 3, 1877
Suppose 5*c + 167464 = 4*v, 924*v + 83762 = 926*v + 5*c. List the prime factors of v.
3, 17, 821
List the prime factors of 1098 + (0 - 6 - -4 - 4).
2, 3, 7, 13
Let z(r) = r**3 - 7*r**2 + 8*r + 2. Let l = 36 - 29. Let w be z(l). Suppose 0 = -2*o + w + 38. List the prime factors of o.
2, 3
Suppose -2544 = 27*r - 35*r. Suppose -7*u + 899 - r = 0. What are the prime factors of u?
83
Let a(p) = -p - 1. Let h(i) = 5*i + 8. Let v(d) = -3*a(d) + h(d). Let l be v(-7). Let u = -25 - l. List the prime factors of u.
2, 5
Suppose 4*k + 4*u - 36 = u, -k - 10 = -4*u. Suppose -k*x - 7 = 2*j - x, 5*j - 35 = 5*x. Suppose 3*b = j*b - 62. List the prime factors of b.
2, 31
What are the prime factors of (-46368)/(-15)*(5 - 55/(-33))?
2, 7, 23
Suppose -3*c = 5*b + c + 1807, c + 361 = -b. Suppose -2*g - 5*f - 1076 = 0, 4*g - 5*g + 4*f - 525 = 0. Let x = b - g. List the prime factors of x.
2, 5, 17
Let p be 55/25 - 2 - (-168)/35. Let x(k) = k**3 - 3*k**2 - 12*k - 10. Let b(c) = c + 1. Let l(r) = 5*b(r) + x(r). What are the prime factors of l(p)?
2, 5
Let i = -363 - -396. Suppose -i*y + 49*y = 11680. What are the prime factors of y?
2, 5, 73
Let a(o) = 2*o**3 + 21*o**2 - 13. Let k be a(-19). What are the prime factors of 16/(-24)*k/5?
2, 5, 41
Let b(c) = -11*c - 13. Let u be b(-3). Let s(k) = 27*k + 35. Let g be s(u). Suppose -3*o + g - 32 = 0. List the prime factors of o.
181
Suppose 371*c - 310*c = 56181. List the prime factors of c.
3, 307
Suppose -2*y + 4*s = -19146, 0 = -s + 15 - 13. What are the prime factors of y?
61, 157
Let i(n) be the second derivative of n**5/20 + 7*n**4/4 + 4*n**3/3 + 4*n**2 - 22*n - 2. What are the prime factors of i(-7)?
2, 11, 29
Let d(h) = 3*h - 54. Let v be d(19). List the prime factors of 997/v - 5/15.
2, 83
Suppose -6 = w - 3*i, -7*i = 2*w - 12*i + 10. Suppose -3*q + 2606 + 1693 = w. List the prime factors of q.
1433
Suppose -468538 - 122228 - 45467 = -13*m. List the prime factors of m.
109, 449
Suppose 0 = 4*s - q - 6, 7*s - 9*s = q - 6. List the prime factors of (-44)/20*s/(6/(-1605)).
11, 107
Suppose 88*i - 79*i - 34005 - 13191 = 0. What are the prime factors of i?
2, 3, 19, 23
Suppose 365044 = 111*l + 77999 - 375625. What are the prime factors of l?
2, 3, 5, 199
Let l = -25 - -25. Suppose l = -y + 4*y - 66. List the prime factors of (6/1)/(6/y).
2, 11
Let k(p) = 172*p**2 - 6*p + 11. Let z be (-1240)/(-558) + 3/((-54)/4). What are the prime factors of k(z)?
3, 229
Let d = -13750 + 39954. What are the prime factors of d?
2, 6551
Suppose 69*s = 126319 + 582242. What are the prime factors of s?
3, 7, 163
Let w(m) be the first derivative of -167*m**4/4 + 5*m**3 + 33*m**2/2 + 4*m - 165. List the prime factors of w(-2).
2, 23, 29
Let k be -1 + 1/(1/13). Let l(o) = 2*o**2 + 4*o + 1. Let n(h) = -h**3 + 30*h**2 + 33*h - 1. Let u(a) = 9*l(a) - n(a). What are the prime factors of u(k)?
2, 23
Suppose -13 + 3 = -2*p - 2*h, 5*p - 2*h - 25 = 0. What are the prime factors of p/(-6) - 16050/(-36)?
5, 89
Let a = 110 - 181. Let t = a - -103. Suppose t*s - 36*s + 228 = 0. List the prime factors of s.
3, 19
Suppose -54*u = -19*u + 42*u - 3336256. What are the prime factors of u?
2, 677
Let m be -1*10*10/(-20). Let j be (-42)/7 - (1 + -9). Suppose -j*q + m = -3. What are the prime factors of q?
2
Let x(d) = -12*d + 20. Let f(u) = -11*u + 20. Let j(r) = -5*f(r) + 4*x(r). Let g be j(4). Let i(q) = q**3 - 6*q**2 - 5*q - 8. List the prime factors of i(g).
2, 5
Let z be -3*(-3 - (-9 + 10/2)). Let j(i) = -16*i**3 + 3*i**2 + 5*i + 5. What are the prime factors of j(z)?
449
Let o = 27862 - 20266. What are the prime factors of o?
2, 3, 211
Suppose -9*n - 3001 + 10498 = 0. Let z = -526 + n. What are the prime factors of z?
307
Suppose -4*d = d - 13*v - 3249, 5*v = -d + 665. What are the prime factors of d?
5, 131
Let p = 182 - 177. Suppose 3600 = p*r + 225. List the prime factors of r.
3, 5
Suppose 3*o + 1967 = 2*p, 5*p + o - 4519 - 424 = 0. List the prime factors of p.
2, 13, 19
Let u = 11271 + -7512. What are the prime factors of u?
3, 7, 179
Let o be 28/(-63) + (-3115)/(-63). Suppose -5*z = -0*z + 2*v + 25, 2*z = v - 19. List the prime factors of ((-188)/14)/(z/o).
2, 47
Suppose 2*h + 2 = 2*y, -2*y + 3*h + 14 = 7*h. List the prime factors of -6 - -330 - ((y - 10) + 3).
2, 41
Let z be (6/(-8))/(18/16)*-6. List the prime factors of (z - (4 - 7))/((-6)/(-54)).
3, 7
Let r(t) = 20*t + 185. Let h be r(-9). Suppose 3*n = -h*c + 232 + 56, -3*c + 3*n = -168. List the prime factors of c.
3, 19
Suppose -2*y - 4*c = -5*y + 114, -5*y + 190 = -c. Suppose y*z + 3*d + 3416 = 43*z, 3*d + 676 = z. What are the prime factors of z?
5, 137
Let u(v) = 67*v - 43. Let w be u(-26). Let x = w + 2718. What are the prime factors of x?
3, 311